{"id":1517,"date":"2025-02-14T10:22:15","date_gmt":"2025-02-14T08:22:15","guid":{"rendered":"https:\/\/melbet-zerkal04.xyz\/?page_id=1517"},"modified":"2025-05-21T13:27:33","modified_gmt":"2025-05-21T10:27:33","slug":"esas-s%c9%99hif%c9%99","status":"publish","type":"page","link":"https:\/\/melbet-zerkal04.xyz\/az\/","title":{"rendered":"\u018fsas s\u0259hif\u0259"},"content":{"rendered":"","protected":false},"excerpt":{"rendered":"","protected":false},"author":1,"featured_media":0,"parent":0,"menu_order":0,"comment_status":"closed","ping_status":"closed","template":"home.php","meta":{"_acf_changed":false,"footnotes":""},"class_list":["post-1517","page","type-page","status-publish","hentry"],"acf":[],"yoast_head":"<!-- This site is optimized with the Yoast SEO plugin v26.8 - https:\/\/yoast.com\/product\/yoast-seo-wordpress\/ -->\n<title>Melbet AZ | Melbet yukle v\u0259 kazino platformas\u0131<\/title>\n<meta name=\"description\" content=\"Melbet Azerbaycan \u2013 m\u0259rc v\u0259 kazino \u00fc\u00e7\u00fcn! Melbet apk y\u00fckl\u0259yin, Melbet mobi il\u0259 oynay\u0131n. Melbet AZ \u2013 etibarl\u0131 platforma.\" \/>\n<meta name=\"robots\" content=\"index, follow, max-snippet:-1, max-image-preview:large, max-video-preview:-1\" \/>\n<link rel=\"canonical\" href=\"https:\/\/melbet-zerkal04.xyz\/az\/\" \/>\n<meta property=\"og:locale\" content=\"ru_RU\" \/>\n<meta property=\"og:type\" content=\"article\" \/>\n<meta property=\"og:title\" content=\"Melbet AZ | Melbet yukle v\u0259 kazino platformas\u0131\" \/>\n<meta property=\"og:description\" content=\"Melbet Azerbaycan \u2013 m\u0259rc v\u0259 kazino \u00fc\u00e7\u00fcn! Melbet apk y\u00fckl\u0259yin, Melbet mobi il\u0259 oynay\u0131n. Melbet AZ \u2013 etibarl\u0131 platforma.\" \/>\n<meta property=\"og:url\" content=\"https:\/\/melbet-zerkal04.xyz\/az\/\" \/>\n<meta property=\"og:site_name\" content=\"melbet-zerkal04.xyz\" \/>\n<meta property=\"article:modified_time\" content=\"2025-05-21T10:27:33+00:00\" \/>\n<meta name=\"twitter:card\" content=\"summary_large_image\" \/>\n<script type=\"application\/ld+json\" class=\"yoast-schema-graph\">{\"@context\":\"https:\/\/schema.org\",\"@graph\":[{\"@type\":\"WebPage\",\"@id\":\"https:\/\/melbet-zerkal04.xyz\/az\/\",\"url\":\"https:\/\/melbet-zerkal04.xyz\/az\/\",\"name\":\"Melbet AZ | Melbet yukle v\u0259 kazino platformas\u0131\",\"isPartOf\":{\"@id\":\"https:\/\/melbet-zerkal04.xyz\/#website\"},\"datePublished\":\"2025-02-14T08:22:15+00:00\",\"dateModified\":\"2025-05-21T10:27:33+00:00\",\"description\":\"Melbet Azerbaycan \u2013 m\u0259rc v\u0259 kazino \u00fc\u00e7\u00fcn! Melbet apk y\u00fckl\u0259yin, Melbet mobi il\u0259 oynay\u0131n. Melbet AZ \u2013 etibarl\u0131 platforma.\",\"breadcrumb\":{\"@id\":\"https:\/\/melbet-zerkal04.xyz\/az\/#breadcrumb\"},\"inLanguage\":\"ru-RU\",\"potentialAction\":[{\"@type\":\"ReadAction\",\"target\":[\"https:\/\/melbet-zerkal04.xyz\/az\/\"]}]},{\"@type\":\"BreadcrumbList\",\"@id\":\"https:\/\/melbet-zerkal04.xyz\/az\/#breadcrumb\",\"itemListElement\":[{\"@type\":\"ListItem\",\"position\":1,\"name\":\"\u0413\u043b\u0430\u0432\u043d\u0430\u044f \u0441\u0442\u0440\u0430\u043d\u0438\u0446\u0430\",\"item\":\"https:\/\/melbet-zerkal04.xyz\/\"},{\"@type\":\"ListItem\",\"position\":2,\"name\":\"\u018fsas s\u0259hif\u0259\"}]},{\"@type\":\"WebSite\",\"@id\":\"https:\/\/melbet-zerkal04.xyz\/#website\",\"url\":\"https:\/\/melbet-zerkal04.xyz\/\",\"name\":\"melbet-zerkal04.xyz\",\"description\":\"\",\"potentialAction\":[{\"@type\":\"SearchAction\",\"target\":{\"@type\":\"EntryPoint\",\"urlTemplate\":\"https:\/\/melbet-zerkal04.xyz\/?s={search_term_string}\"},\"query-input\":{\"@type\":\"PropertyValueSpecification\",\"valueRequired\":true,\"valueName\":\"search_term_string\"}}],\"inLanguage\":\"ru-RU\"}]}<\/script>\n<!-- \/ Yoast SEO plugin. -->","yoast_head_json":{"title":"Melbet AZ | Melbet yukle v\u0259 kazino platformas\u0131","description":"Melbet Azerbaycan \u2013 m\u0259rc v\u0259 kazino \u00fc\u00e7\u00fcn! Melbet apk y\u00fckl\u0259yin, Melbet mobi il\u0259 oynay\u0131n. Melbet AZ \u2013 etibarl\u0131 platforma.","robots":{"index":"index","follow":"follow","max-snippet":"max-snippet:-1","max-image-preview":"max-image-preview:large","max-video-preview":"max-video-preview:-1"},"canonical":"https:\/\/melbet-zerkal04.xyz\/az\/","og_locale":"ru_RU","og_type":"article","og_title":"Melbet AZ | Melbet yukle v\u0259 kazino platformas\u0131","og_description":"Melbet Azerbaycan \u2013 m\u0259rc v\u0259 kazino \u00fc\u00e7\u00fcn! Melbet apk y\u00fckl\u0259yin, Melbet mobi il\u0259 oynay\u0131n. Melbet AZ \u2013 etibarl\u0131 platforma.","og_url":"https:\/\/melbet-zerkal04.xyz\/az\/","og_site_name":"melbet-zerkal04.xyz","article_modified_time":"2025-05-21T10:27:33+00:00","twitter_card":"summary_large_image","schema":{"@context":"https:\/\/schema.org","@graph":[{"@type":"WebPage","@id":"https:\/\/melbet-zerkal04.xyz\/az\/","url":"https:\/\/melbet-zerkal04.xyz\/az\/","name":"Melbet AZ | Melbet yukle v\u0259 kazino platformas\u0131","isPartOf":{"@id":"https:\/\/melbet-zerkal04.xyz\/#website"},"datePublished":"2025-02-14T08:22:15+00:00","dateModified":"2025-05-21T10:27:33+00:00","description":"Melbet Azerbaycan \u2013 m\u0259rc v\u0259 kazino \u00fc\u00e7\u00fcn! Melbet apk y\u00fckl\u0259yin, Melbet mobi il\u0259 oynay\u0131n. Melbet AZ \u2013 etibarl\u0131 platforma.","breadcrumb":{"@id":"https:\/\/melbet-zerkal04.xyz\/az\/#breadcrumb"},"inLanguage":"ru-RU","potentialAction":[{"@type":"ReadAction","target":["https:\/\/melbet-zerkal04.xyz\/az\/"]}]},{"@type":"BreadcrumbList","@id":"https:\/\/melbet-zerkal04.xyz\/az\/#breadcrumb","itemListElement":[{"@type":"ListItem","position":1,"name":"\u0413\u043b\u0430\u0432\u043d\u0430\u044f \u0441\u0442\u0440\u0430\u043d\u0438\u0446\u0430","item":"https:\/\/melbet-zerkal04.xyz\/"},{"@type":"ListItem","position":2,"name":"\u018fsas s\u0259hif\u0259"}]},{"@type":"WebSite","@id":"https:\/\/melbet-zerkal04.xyz\/#website","url":"https:\/\/melbet-zerkal04.xyz\/","name":"melbet-zerkal04.xyz","description":"","potentialAction":[{"@type":"SearchAction","target":{"@type":"EntryPoint","urlTemplate":"https:\/\/melbet-zerkal04.xyz\/?s={search_term_string}"},"query-input":{"@type":"PropertyValueSpecification","valueRequired":true,"valueName":"search_term_string"}}],"inLanguage":"ru-RU"}]}},"amp_enabled":true,"_links":{"self":[{"href":"https:\/\/melbet-zerkal04.xyz\/wp-json\/wp\/v2\/pages\/1517","targetHints":{"allow":["GET"]}}],"collection":[{"href":"https:\/\/melbet-zerkal04.xyz\/wp-json\/wp\/v2\/pages"}],"about":[{"href":"https:\/\/melbet-zerkal04.xyz\/wp-json\/wp\/v2\/types\/page"}],"author":[{"embeddable":true,"href":"https:\/\/melbet-zerkal04.xyz\/wp-json\/wp\/v2\/users\/1"}],"replies":[{"embeddable":true,"href":"https:\/\/melbet-zerkal04.xyz\/wp-json\/wp\/v2\/comments?post=1517"}],"version-history":[{"count":5,"href":"https:\/\/melbet-zerkal04.xyz\/wp-json\/wp\/v2\/pages\/1517\/revisions"}],"predecessor-version":[{"id":1560,"href":"https:\/\/melbet-zerkal04.xyz\/wp-json\/wp\/v2\/pages\/1517\/revisions\/1560"}],"wp:attachment":[{"href":"https:\/\/melbet-zerkal04.xyz\/wp-json\/wp\/v2\/media?parent=1517"}],"curies":[{"name":"wp","href":"https:\/\/api.w.org\/{rel}","templated":true}]}}